- 11010111101101?
11010100101000
In base 4, what is -11132 + -2031031?
-2102223
In base 13, what is 3 - 5136512?
-513650c
In base 16, what is a5 + 20769?
2080e
In base 11, what is -331aa - -754?
-32556
In base 3, what is 100011 + 22102022200?
22102122211
In base 4, what is -232 - 3022221232?
-3022222130
In base 16, what is -17 - 1b2b5?
-1b2cc
In base 7, what is 20 + -2251245?
-2251225
In base 6, what is -1 + 22211130521?
22211130520
In base 7, what is -1454 + -351632?
-353416
In base 4, what is 1 + 313222101113?
313222101120
In base 5, what is -11 - 31400300?
-31400311
In base 10, what is -35 - 244004?
-244039
In base 13, what is -202 + 5abb?
58b9
In base 16, what is -3 + -27032fd?
-2703300
In base 7, what is -15300313536 - 1?
-15300313540
In base 16, what is -6e + -d7ca?
-d838
In base 11, what is -a - a430520?
-a43052a
In base 6, what is -1 + -4042100032?
-4042100033
In base 16, what is -39c - -67fc7?
67c2b
In base 16, what is 1ad + 5787?
5934
In base 15, what is 5090e - -6?
50915
In base 2, what is 1 + -11101001100010101001001001?
-11101001100010101001001000
In base 10, what is -119112879 - 2?
-119112881
In base 13, what is 42 - -314755?
314797
In base 5, what is 1 - 134300123?
-134300122
In base 14, what is 1a0 - 18784a?
-18768a
In base 15, what is -6be6 - 1524?
-821a
In base 2, what is -10000100101001111001 - -1010?
-10000100101001101111
In base 10, what is -479 - 15025?
-15504
In base 6, what is 25021 - 14304?
10313
In base 16, what is -7 - -62ab1c5?
62ab1be
In base 13, what is -b2 + -125a9?
-1268b
In base 16, what is 41317abd + -4?
41317ab9
In base 13, what is -25 + -14c92a?
-14c952
In base 9, what is 11385807 - 1?
11385806
In base 7, what is 26142002 + -3?
26141666
In base 5, what is -4334322 + -13040?
-4402412
In base 3, what is 0 + -21121110201020211?
-21121110201020211
In base 5, what is -10 - 204433223034?
-204433223044
In base 14, what is 2 - 116c290?
-116c28c
In base 7, what is -326134 + -31536?
-361003
In base 15, what is 33b69a + 17?
33b6b2
In base 12, what is -1532994 - 2?
-1532996
In base 16, what is -4df242 - a?
-4df24c
In base 9, what is -23 + -10764576?
-10764610
In base 13, what is 5083 - -9c21?
11ca4
In base 12, what is 5 - 4a51b28?
-4a51b23
In base 10, what is -6 + -5732817?
-5732823
In base 10, what is -3054807 + -161?
-3054968
In base 4, what is 1003003003 - -110013?
1003113022
In base 14, what is -1548893 - 5?
-1548898
In base 9, what is -28732 - -17300?
-11432
In base 10, what is 85672124 - -5?
85672129
In base 14, what is -9b9d53 - 4?
-9b9d57
In base 4, what is -3021321 + -1132302?
-10220223
In base 6, what is 54 - 5153101?
-5153003
In base 7, what is -5205 + 214625?
206420
In base 16, what is -3 + -a082c40?
-a082c43
In base 10, what is 27945 - 4882?
23063
In base 5, what is -200 - 122402301?
-122403001
In base 16, what is 7 - -d1a55?
d1a5c
In base 16, what is 3e434 - 8d?
3e3a7
In base 14, what is -1d364 + 1296?
-1c0ac
In base 8, what is 1 - -12115210?
12115211
In base 14, what is 40 - -3a390?
3a3d0
In base 9, what is 80806256 - 0?
80806256
In base 4, what is 331 + 2332302221?
2332303212
In base 5, what is -1210240 + -144?
-1210434
In base 7, what is -1154 - -540263?
536106
In base 7, what is 2011660133 - 2?
2011660131
In base 8, what is 335077127 - 4?
335077123
In base 6, what is -23042514 + -141?
-23043055
In base 11, what is 6038 - 19527?
-1349a
In base 13, what is -366a77 + -3?
-366a7a
In base 11, what is -1797 + -273a?
-4426
In base 13, what is -8 - -3703903?
37038c8
In base 7, what is -112111 + -426?
-112540
In base 15, what is 67 - -2271d?
22785
In base 14, what is 624 + -2714d?
-26929
In base 4, what is -13 - 3221300033?
-3221300112
In base 12, what is 46a7a767 - 2?
46a7a765
In base 6, what is 1310354020 - 10?
1310354010
In base 7, what is -204022 - -41023?
-132666
In base 4, what is 21330021010 - 33?
21330020311
In base 12, what is 1062 + a3218?
a427a
In base 13, what is -9 + 3c91b91?
3c91b85
In base 9, what is -2582 - -557425?
554733
In base 14, what is -31 + -4501c?
-4504d
In base 7, what is 244 - -15263462?
15264036
In base 9, what is 7341061 + 17?
7341078
In base 10, what is 43 - 54155?
-54112
In base 12, what is -28988731 + 2?
-2898872b
In base 13, what is 5 - -17884b04?
17884b09
In base 4, what is -3 - 312110113002?
-312110113011
In base 6, what is -202 - 4230255?
-4230501
In base 7, what is -243322 + 1332?
-241660
In base 11, what is 9 - 193a187?
-193a179
In base 13, what is -356214b9 + 4?
-356214b5
In base 6, what is -145544 + -33220?
-223204
In base 13, what is -3328334 + 3?
-3328331
In base 11, what is 1a5a0 + 33?
1a623
In base 8, what is -200 + 4224606?
4224406
In base 6, what is -22401 - 1243024?
-1305425
In base 5, what is -13024 + 3044241?
3031212
In base 16, what is -97c - 8ea?
-1266
In base 9, what is -78 + 586462?
586373
In base 3, what is -111 + 212001011122011?
212001011121200
In base 2, what is 1011011100001 + -101100001111?
101111010010
In base 7, what is 12205232 + 104?
12205336
In base 4, what is -133322330 + 30022?
-133232302
In base 16, what is -1ba7 + -a39?
-25e0
In base 12, what is 2b4a + -10539b?
-102451
In base 8, what is 57551023 - 73?
57550730
In base 7, what is 13302542312 + 1?
13302542313
In base 10, what is -3 - -186172973?
186172970
In base 4, what is -23 + -1323213302033?
-1323213302122
In base 2, what is -1 + -10000010000111100011?
-10000010000111100100
In base 2, what is -11011011101001100001010 + 1010111?
-11011011101001010110011
In base 12, what is -214928 - -3?
-214925
In base 7, what is 145334360 + 2?
145334362
In base 16, what is 215ce75 + -2?
215ce73
In base 11, what is -243 + -116851?
-116a94
In base 12, what is 3 - 7a80879?
-7a80876
In base 4, what is 1023023231113 + -11?
1023023231102
In base 4, what is -11 + 22022201?
22022130
In base 7, what is 3200 - 53651?
-50451
In base 8, what is -5 - -1304507357?
1304507352
In base 12, what is 8911261 + -2?
891125b
In base 6, what is 3233 - 41422?
-34145
In base 16, what is 1b6 + -4fb?
-345
In base 5, what is -3112331 + 221?
-3112110
In base 9, what is 58 - 5522300?
-5522231
In base 8, what is -77332 - -134?
-77176
In base 9, what is -368122 - -82?
-368030
In base 10, what is -87 + -368038?
-368125
In base 11, what is 10803298 + -9?
1080328a
In base 14, what is -749 + -52ac1?
-5342a
In base 15, what is -19354a - -8e?
-1934ab
In base 14, what is 3 + -34b9c6d?
-34b9c6a
In base 8, what is -63555 - 14057?
-77634
In base 4, what is 300022230100233 - 1?
300022230100232
In base 3, what is 120 - -21122021002?
21122021122
In base 3, what is 102122212211 - -1?
102122212212
In base 12, what is 137 - 129579?
-129442
In base 15, what is -11e448 + 11?
-11e437
In base 14, what is -18400 - -7b?
-18363
In base 12, what is -2517 + -9042?
-b559
In base 6, what is -2023005151 - -2?
-2023005145
In base 14, what is -1c6251c7 - 3?
-1c6251ca
In base 11, what is 76800 - 55?
76756
In base 14, what is 343405 + -2?
343403
In base 8, what is -4 + 17154651?
17154645
In base 2, what is 11101110 - -101000011000011010010?
101000011000111000000
In base 14, what is -81 + 5a249?
5a1a8
In base 3, what is -101020121210000 + -222?
-101020121210222
In base 7, what is 2 + -13513121236?
-13513121234
In base 14, what is 901d4 + 10?
90204
In base 5, what is -4 - -401421320?
401421311
In base 3, what is 1 + -111102221212100121?
-111102221212100120
In base 4, what is -1 - 1221113003003?
-1221113003010
In base 11, what is 315496 + -4?
315492
In base 7, what is 352 + 20243?
20625
In base 9, what is -2 + 1325784?
1325782
In base 11, what is a61a151 - 24?
a61a128
In base 9, what is -14251032 + 1?
-14251031
In base 11, what is -17092 + 82?
-17010
In base 9, what is -7266107 - 4?
-7266112
In base 9, what is -10 - -208245635?
208245625
In base 11, what is 8519 - 12a59?
-5540
In base 6, what is -4205 + 1423011?
1414402
In base 9, what is 17015 - 153557?
-135542
In base 6, what is -1 + 50144254?
50144253
In base 12, what is -1353629 - 4?
-1353631
In base 11, what is -29754a - 2?
-297551
In base 5, what is -130 - 212324143?
-212324323
In base 4, what is 3110 + -1112230113?
-1112221003
In base 2, what is 1110010 + -1010010010111101101110?
-1010010010111011111100
In base 9, what is -18853 - 6324?
-26277
In base 13, what is 1527 - 18bc4?
-1769a
In base 6, what is 45233344 -